{"id":6710,"date":"2025-04-02T22:12:26","date_gmt":"2025-04-02T20:12:26","guid":{"rendered":"https:\/\/www.pocapots.es\/?page_id=6710"},"modified":"2026-04-20T22:20:27","modified_gmt":"2026-04-20T20:20:27","slug":"el-vostre-esdeveniment","status":"publish","type":"page","link":"https:\/\/www.pocapots.es\/ca\/votre-evenement\/","title":{"rendered":"El Vostre Esdeveniment"},"content":{"rendered":"<h2 class=\"wp-block-heading\"><strong>Vols organitzar un esdeveniment, res m\u00e9s senzill!<\/strong><\/h2>\n\n\n\n<div class=\"wp-block-group alignfull is-content-justification-center is-layout-constrained wp-container-core-group-is-layout-b073b61b wp-block-group-is-layout-constrained\" style=\"margin-top:0;margin-bottom:0;padding-top:calc( 0.5 * var(--wp--style--root--padding-right, var(--wp--custom--gap--horizontal)));padding-right:var(--wp--style--root--padding-right, var(--wp--custom--gap--horizontal));padding-bottom:calc( 0.5 * var(--wp--style--root--padding-right, var(--wp--custom--gap--horizontal)));padding-left:var(--wp--style--root--padding-left, var(--wp--custom--gap--horizontal))\">\n<div style=\"height:0px\" aria-hidden=\"true\" class=\"wp-block-spacer\"><\/div>\n\n\n\n<div class=\"wp-block-columns alignwide are-vertically-aligned-center is-layout-flex wp-container-core-columns-is-layout-6aa4370a wp-block-columns-is-layout-flex\">\n<div class=\"wp-block-column is-vertically-aligned-center is-layout-flow wp-block-column-is-layout-flow\">\n<figure class=\"wp-block-image size-full\"><img decoding=\"async\" width=\"2560\" height=\"1920\" data-src=\"https:\/\/www.pocapots.es\/wp-content\/uploads\/2025\/04\/IMG_20250125_214133-scaled.jpeg\" alt=\"\" class=\"wp-image-6719 lazyload\" style=\"--smush-placeholder-width: 2560px; --smush-placeholder-aspect-ratio: 2560\/1920;aspect-ratio:1;object-fit:cover\" data-srcset=\"https:\/\/www.pocapots.es\/wp-content\/uploads\/2025\/04\/IMG_20250125_214133-scaled.jpeg 2560w, https:\/\/www.pocapots.es\/wp-content\/uploads\/2025\/04\/IMG_20250125_214133-300x225.jpeg 300w, https:\/\/www.pocapots.es\/wp-content\/uploads\/2025\/04\/IMG_20250125_214133-1024x768.jpeg 1024w, https:\/\/www.pocapots.es\/wp-content\/uploads\/2025\/04\/IMG_20250125_214133-768x576.jpeg 768w, https:\/\/www.pocapots.es\/wp-content\/uploads\/2025\/04\/IMG_20250125_214133-1536x1152.jpeg 1536w, https:\/\/www.pocapots.es\/wp-content\/uploads\/2025\/04\/IMG_20250125_214133-2048x1536.jpeg 2048w, https:\/\/www.pocapots.es\/wp-content\/uploads\/2025\/04\/IMG_20250125_214133-600x450.jpeg 600w\" data-sizes=\"(max-width: 2560px) 100vw, 2560px\" src=\"data:image\/svg+xml;base64,PHN2ZyB3aWR0aD0iMSIgaGVpZ2h0PSIxIiB4bWxucz0iaHR0cDovL3d3dy53My5vcmcvMjAwMC9zdmciPjwvc3ZnPg==\" \/><\/figure>\n\n\n\n<p><strong>1 beguda inclosa <br><\/strong>(sucs, vins, cava, cervesa, vermut)<\/p>\n\n\n\n<p><\/p>\n<\/div>\n\n\n\n<div class=\"wp-block-column is-vertically-aligned-center is-layout-flow wp-block-column-is-layout-flow\">\n<h3 class=\"wp-block-heading alignwide\">Men\u00fa bufet 25 \u20ac\/persona<\/h3>\n\n\n\n<ul class=\"wp-block-list\">\n<li>Rillettes d&#039;\u00e0nec amb torrada O pernil ib\u00e8ric amb torrada<\/li>\n\n\n\n<li>Mini quiche Lorraine (bacon) O Mini quiche d&#039;espinacs i formatge de cabra<\/li>\n\n\n\n<li>Amanida de llenties O amanida de quinoa O hummus<\/li>\n\n\n\n<li>Pasta de full de salsitxa, mostassa i emmental O pasta de full d&#039;espinacs i formatge de cabra<\/li>\n\n\n\n<li>Tapes de truites amb pa i tom\u00e0quets cherry <\/li>\n\n\n\n<li>Hamburguesa de vedella i cheddar O hamburguesa de rillettes de pollastre amb estrag\u00f3<\/li>\n\n\n\n<li>Torrades de formatge franc\u00e8s O formatge local i fruita seca<\/li>\n\n\n\n<li>Tu tries si vols un past\u00eds d&#039;aniversari (past\u00eds gran O miniatures)<\/li>\n\n\n\n<li>Brownie de xocolata 70%<\/li>\n\n\n\n<li>Broquetes de fruites ex\u00f2tiques<\/li>\n<\/ul>\n<\/div>\n<\/div>\n\n\n\n<div style=\"height:calc( 0.25 * var(--wp--style--root--padding-right, var(--wp--custom--gap--horizontal)))\" aria-hidden=\"true\" class=\"wp-block-spacer\"><\/div>\n<\/div>\n\n\n\n<div class=\"wp-block-buttons is-layout-flex wp-block-buttons-is-layout-flex\">\n<div class=\"wp-block-button\"><a class=\"wp-block-button__link wp-element-button\" href=\"https:\/\/web.whatsapp.com\/send?phone=34693586456&amp;text=Bonjour%20Poc%20a%20Pots!\" target=\"_blank\" rel=\"noreferrer noopener\">Contacta amb nosaltres<\/a><\/div>\n<\/div>\n\n\n\n<hr class=\"wp-block-separator has-alpha-channel-opacity\"\/>\n\n\n\n<div class=\"wp-block-group alignfull is-content-justification-center is-layout-constrained wp-container-core-group-is-layout-b073b61b wp-block-group-is-layout-constrained\" style=\"margin-top:0;margin-bottom:0;padding-top:calc( 0.5 * var(--wp--style--root--padding-right, var(--wp--custom--gap--horizontal)));padding-right:var(--wp--style--root--padding-right, var(--wp--custom--gap--horizontal));padding-bottom:calc( 0.5 * var(--wp--style--root--padding-right, var(--wp--custom--gap--horizontal)));padding-left:var(--wp--style--root--padding-left, var(--wp--custom--gap--horizontal))\">\n<div style=\"height:calc( 0.25 * var(--wp--style--root--padding-right, var(--wp--custom--gap--horizontal)))\" aria-hidden=\"true\" class=\"wp-block-spacer\"><\/div>\n\n\n\n<div class=\"wp-block-group alignwide is-layout-constrained wp-block-group-is-layout-constrained\">\n<h3 class=\"wp-block-heading alignfull has-text-align-left\" style=\"font-style:normal;font-weight:100\"><strong>Men\u00fa assegut 25 \u20ac\/persona per a un m\u00e0xim de 35 persones a la sala<\/strong><\/h3>\n<\/div>\n\n\n\n<div class=\"wp-block-columns alignwide is-layout-flex wp-container-core-columns-is-layout-1a7dd963 wp-block-columns-is-layout-flex\">\n<div class=\"wp-block-column is-layout-flow wp-block-column-is-layout-flow\">\n<h3 class=\"wp-block-heading is-service-name has-medium-font-size\" style=\"font-style:normal;font-weight:700\">Entrades<\/h3>\n\n\n\n<p class=\"is-service-description\">Mini Quiche Lorraine (bacon) o Mini Quiche d&#039;Espinacs i Formatge de Cabra<\/p>\n\n\n\n<p class=\"is-service-description\">Mini amanida de llenties o quinoa o hummus<\/p>\n\n\n\n<p class=\"is-service-description\">Mini pasta de full de salsitxa i emmental o pasta de full d&#039;espinacs i formatge de cabra.<\/p>\n<\/div>\n\n\n\n<div class=\"wp-block-column is-layout-flow wp-block-column-is-layout-flow\">\n<h3 class=\"wp-block-heading is-service-name has-medium-font-size\" style=\"font-style:normal;font-weight:700\">Plats<\/h3>\n\n\n\n<p class=\"has-text-align-left is-service-description\">Lasanya de vedella i enciam<br><strong>O<\/strong><br>Crep completa (creps de fajol amb pernil, formatge, ou) amb enciam<br><strong>O<\/strong><br>Tajine de pollastre marroqu\u00ed o veg\u00e0 amb cusc\u00fas<br><strong>O<\/strong><br>Galta de porc confitada amb salsa de mel i farigola o \u00e0nec confitat (+2\u20ac) amb arr\u00f2s o pur\u00e9 de patates<\/p>\n\n\n\n<p class=\"is-service-description\"><\/p>\n<\/div>\n\n\n\n<div class=\"wp-block-column is-layout-flow wp-block-column-is-layout-flow\">\n<h3 class=\"wp-block-heading is-service-name has-medium-font-size\" style=\"font-style:normal;font-weight:700\">postres<\/h3>\n\n\n\n<p class=\"is-service-description\">Tu tries si vols un past\u00eds d&#039;aniversari (past\u00eds gran o miniatures)<\/p>\n\n\n\n<p class=\"is-service-description\">Brownie de xocolata 70%<\/p>\n\n\n\n<p class=\"is-service-description\">Broquetes de fruites ex\u00f2tiques<\/p>\n\n\n\n<p class=\"is-service-description\"><\/p>\n<\/div>\n<\/div>\n\n\n\n<div style=\"height:calc( 0.25 * var(--wp--style--root--padding-right, var(--wp--custom--gap--horizontal)))\" aria-hidden=\"true\" class=\"wp-block-spacer\"><\/div>\n<\/div>\n\n\n\n<div class=\"wp-block-buttons is-layout-flex wp-block-buttons-is-layout-flex\">\n<div class=\"wp-block-button\"><a class=\"wp-block-button__link wp-element-button\" href=\"https:\/\/web.whatsapp.com\/send?phone=34693586456&amp;text=Bonjour%20Poc%20a%20Pots!\" target=\"_blank\" rel=\"noreferrer noopener\">Contacta amb nosaltres<\/a><\/div>\n<\/div>\n\n\n\n<hr class=\"wp-block-separator has-alpha-channel-opacity\"\/>\n\n\n\n<div class=\"wp-block-group alignfull is-content-justification-center is-layout-constrained wp-container-core-group-is-layout-b073b61b wp-block-group-is-layout-constrained\" style=\"margin-top:0;margin-bottom:0;padding-top:calc( 0.5 * var(--wp--style--root--padding-right, var(--wp--custom--gap--horizontal)));padding-right:var(--wp--style--root--padding-right, var(--wp--custom--gap--horizontal));padding-bottom:calc( 0.5 * var(--wp--style--root--padding-right, var(--wp--custom--gap--horizontal)));padding-left:var(--wp--style--root--padding-left, var(--wp--custom--gap--horizontal))\">\n<div style=\"height:0px\" aria-hidden=\"true\" class=\"wp-block-spacer\"><\/div>\n\n\n\n<div class=\"wp-block-group alignwide is-layout-constrained wp-block-group-is-layout-constrained\">\n<h3 class=\"wp-block-heading alignfull has-text-align-left\" style=\"font-style:normal;font-weight:100\"><strong>Termes<\/strong><\/h3>\n<\/div>\n\n\n\n<div class=\"wp-block-columns alignwide is-layout-flex wp-container-core-columns-is-layout-1a7dd963 wp-block-columns-is-layout-flex\">\n<div class=\"wp-block-column is-layout-flow wp-block-column-is-layout-flow\">\n<p class=\"is-service-description\">Acceptem reserves <strong>de 20 persones<\/strong> fins a 100 persones.<\/p>\n\n\n\n<p class=\"is-service-description\">Els men\u00fas i les postres poden ser m\u00e9s elaborats si es disposa d&#039;un pressupost m\u00e9s gran, amb m\u00e9s refer\u00e8ncies gastron\u00f2miques.<\/p>\n\n\n\n<p class=\"is-service-description\"><strong>Preus de les begudes <\/strong>fora del men\u00fa<br>Refrescos: 2,50 \u20ac<br>Cervesa: 3,50 \u20ac<br>Vi ecol\u00f2gic: 4 \u20ac<br>Xuts: 4 \u20ac<br>Cubates: 8 \u20ac<\/p>\n\n\n\n<p class=\"is-service-description\">Est\u00e0 prohibit portar menjar o begudes.<\/p>\n\n\n\n<p class=\"is-service-description\"><\/p>\n<\/div>\n\n\n\n<div class=\"wp-block-column is-layout-flow wp-block-column-is-layout-flow\">\n<p class=\"is-service-description\"><strong>Horaris:<\/strong><br>Decoraci\u00f3 a partir de les 19:30 h.<br>Grups de 30 persones fins a la 1:00 de la matinada.<br>Grups de 20 persones fins a mitjanit.<\/p>\n\n\n\n<p class=\"is-service-description\"><strong>Possibilitat de karaoke<\/strong> sota petici\u00f3 (cost addicional: 150 \u20ac)!<br>Decoraci\u00f3 sense confeti (prohibit)<\/p>\n\n\n\n<p class=\"is-service-description\">Pots portar el teu propi DJ o controlar la m\u00fasica amb Spotify. Tamb\u00e9 podem proporcionar-te un DJ per 300 \u20ac addicionals.<\/p>\n\n\n\n<p class=\"is-service-description\"><strong>Emissi\u00f3 de v\u00eddeo<\/strong> possible<br>(Projector de v\u00eddeo, pantalla LED, etc.)<\/p>\n\n\n\n<p class=\"has-text-align-left is-service-description\"><\/p>\n\n\n\n<p class=\"is-service-description\"><\/p>\n<\/div>\n\n\n\n<div class=\"wp-block-column is-layout-flow wp-block-column-is-layout-flow\">\n<p class=\"is-service-description\">L&#039;\u00fas de la terrassa finalitza a les 23:00 h.<\/p>\n\n\n\n<p class=\"is-service-description\">La m\u00fasica pot continuar a l&#039;interior fins a la 1:00 de la matinada (divendres i dissabte) i fins a mitjanit els altres dies (podeu sortir a fumar al costat de l&#039;aparcament).<\/p>\n\n\n\n<p class=\"is-service-description\">Hi ha 3 aparcaments al costat del local (trieu els que hi ha davant i que NO tanquen a la nit i feu-ho saber als vostres convidats).<\/p>\n\n\n\n<p class=\"is-service-description\">Els men\u00fas s&#039;han de pagar abans o en arribar! <\/p>\n\n\n\n<p class=\"is-service-description\"><\/p>\n<\/div>\n<\/div>\n\n\n\n<div style=\"height:calc( 0.25 * var(--wp--style--root--padding-right, var(--wp--custom--gap--horizontal)))\" aria-hidden=\"true\" class=\"wp-block-spacer\"><\/div>\n<\/div>\n\n\n\n<div class=\"wp-block-buttons is-layout-flex wp-block-buttons-is-layout-flex\">\n<div class=\"wp-block-button\"><a class=\"wp-block-button__link wp-element-button\" href=\"https:\/\/web.whatsapp.com\/send?phone=34693586456&amp;text=Bonjour%20Poc%20a%20Pots!\" target=\"_blank\" rel=\"noreferrer noopener\">Contacta amb nosaltres<\/a><\/div>\n<\/div>\n\n\n\n<p><\/p>","protected":false},"excerpt":{"rendered":"<p>Vous souhaitez organiser un \u00e9v\u00e9nement, rien de plus simple ! 1 boisson inclue (jus, vins, cava, bi\u00e8re, vermouth) Menu buffet 25\u20ac\/personne Menu assis 25\u20ac\/pers jusqu&rsquo;\u00e0 35 personnes maximum en salle Entr\u00e9es Mini Quiche Lorraine (bacon) ou Mini Quiche \u00c9pinards et Ch\u00e8vre Mini salade de lentilles ou de quinoa ou houmous Mini feuillet\u00e9 saucisse et emmental [&#8230;]\n","protected":false},"author":39,"featured_media":0,"parent":0,"menu_order":0,"comment_status":"closed","ping_status":"closed","template":"","meta":{"rank_math_title":"Nos services \u2014 Catering \u00e9v\u00e9nementiel, entreprises & yachts \u00e0 Barcelone","rank_math_description":"De vos s\u00e9minaires \u00e0 vos \u00e9v\u00e9nements priv\u00e9s : buffets, cocktails, chef \u00e0 domicile, catering yacht. Poc a Pots organise votre \u00e9v\u00e9nement \u00e0 Barcelone, cl\u00e9 en main.","rank_math_focus_keyword":"catering \u00e9v\u00e9nementiel barcelone","rank_math_robots":null,"rank_math_canonical_url":"","rank_math_facebook_title":"","rank_math_facebook_description":"","_joinchat":[],"footnotes":""},"class_list":["post-6710","page","type-page","status-publish","hentry"],"_links":{"self":[{"href":"https:\/\/www.pocapots.es\/ca\/wp-json\/wp\/v2\/pages\/6710","targetHints":{"allow":["GET"]}}],"collection":[{"href":"https:\/\/www.pocapots.es\/ca\/wp-json\/wp\/v2\/pages"}],"about":[{"href":"https:\/\/www.pocapots.es\/ca\/wp-json\/wp\/v2\/types\/page"}],"author":[{"embeddable":true,"href":"https:\/\/www.pocapots.es\/ca\/wp-json\/wp\/v2\/users\/39"}],"replies":[{"embeddable":true,"href":"https:\/\/www.pocapots.es\/ca\/wp-json\/wp\/v2\/comments?post=6710"}],"version-history":[{"count":11,"href":"https:\/\/www.pocapots.es\/ca\/wp-json\/wp\/v2\/pages\/6710\/revisions"}],"predecessor-version":[{"id":6879,"href":"https:\/\/www.pocapots.es\/ca\/wp-json\/wp\/v2\/pages\/6710\/revisions\/6879"}],"wp:attachment":[{"href":"https:\/\/www.pocapots.es\/ca\/wp-json\/wp\/v2\/media?parent=6710"}],"curies":[{"name":"wp","href":"https:\/\/api.w.org\/{rel}","templated":true}]}}

<h2 class="wp-block-heading"><strong>Vols organitzar un esdeveniment, res més senzill!</strong></h2>



<div class="wp-block-group alignfull is-content-justification-center is-layout-constrained wp-container-core-group-is-layout-b073b61b wp-block-group-is-layout-constrained" style="margin-top:0;margin-bottom:0;padding-top:calc( 0.5 * var(--wp--style--root--padding-right, var(--wp--custom--gap--horizontal)));padding-right:var(--wp--style--root--padding-right, var(--wp--custom--gap--horizontal));padding-bottom:calc( 0.5 * var(--wp--style--root--padding-right, var(--wp--custom--gap--horizontal)));padding-left:var(--wp--style--root--padding-left, var(--wp--custom--gap--horizontal))">
<div style="height:0px" aria-hidden="true" class="wp-block-spacer"></div>



<div class="wp-block-columns alignwide are-vertically-aligned-center is-layout-flex wp-container-core-columns-is-layout-6aa4370a wp-block-columns-is-layout-flex">
<div class="wp-block-column is-vertically-aligned-center is-layout-flow wp-block-column-is-layout-flow">
<figure class="wp-block-image size-full"><img decoding="async" width="2560" height="1920" data-src="https://www.pocapots.es/wp-content/uploads/2025/04/IMG_20250125_214133-scaled.jpeg" alt="" class="wp-image-6719 lazyload" style="--smush-placeholder-width: 2560px; --smush-placeholder-aspect-ratio: 2560/1920;aspect-ratio:1;object-fit:cover" data-srcset="https://www.pocapots.es/wp-content/uploads/2025/04/IMG_20250125_214133-scaled.jpeg 2560w, https://www.pocapots.es/wp-content/uploads/2025/04/IMG_20250125_214133-300x225.jpeg 300w, https://www.pocapots.es/wp-content/uploads/2025/04/IMG_20250125_214133-1024x768.jpeg 1024w, https://www.pocapots.es/wp-content/uploads/2025/04/IMG_20250125_214133-768x576.jpeg 768w, https://www.pocapots.es/wp-content/uploads/2025/04/IMG_20250125_214133-1536x1152.jpeg 1536w, https://www.pocapots.es/wp-content/uploads/2025/04/IMG_20250125_214133-2048x1536.jpeg 2048w, https://www.pocapots.es/wp-content/uploads/2025/04/IMG_20250125_214133-600x450.jpeg 600w" data-sizes="(max-width: 2560px) 100vw, 2560px" src="data:image/svg+xml;base64,PHN2ZyB3aWR0aD0iMSIgaGVpZ2h0PSIxIiB4bWxucz0iaHR0cDovL3d3dy53My5vcmcvMjAwMC9zdmciPjwvc3ZnPg==" /></figure>



<p><strong>1 beguda inclosa <br></strong>(sucs, vins, cava, cervesa, vermut)</p>



<p></p>
</div>



<div class="wp-block-column is-vertically-aligned-center is-layout-flow wp-block-column-is-layout-flow">
<h3 class="wp-block-heading alignwide">Menú bufet 25 €/persona</h3>



<ul class="wp-block-list">
<li>Rillettes d&#039;ànec amb torrada O pernil ibèric amb torrada</li>



<li>Mini quiche Lorraine (bacon) O Mini quiche d&#039;espinacs i formatge de cabra</li>



<li>Amanida de llenties O amanida de quinoa O hummus</li>



<li>Pasta de full de salsitxa, mostassa i emmental O pasta de full d&#039;espinacs i formatge de cabra</li>



<li>Tapes de truites amb pa i tomàquets cherry </li>



<li>Hamburguesa de vedella i cheddar O hamburguesa de rillettes de pollastre amb estragó</li>



<li>Torrades de formatge francès O formatge local i fruita seca</li>



<li>Tu tries si vols un pastís d&#039;aniversari (pastís gran O miniatures)</li>



<li>Brownie de xocolata 70%</li>



<li>Broquetes de fruites exòtiques</li>
</ul>
</div>
</div>



<div style="height:calc( 0.25 * var(--wp--style--root--padding-right, var(--wp--custom--gap--horizontal)))" aria-hidden="true" class="wp-block-spacer"></div>
</div>



<div class="wp-block-buttons is-layout-flex wp-block-buttons-is-layout-flex">
<div class="wp-block-button"><a class="wp-block-button__link wp-element-button" href="https://web.whatsapp.com/send?phone=34693586456&amp;text=Bonjour%20Poc%20a%20Pots!" target="_blank" rel="noreferrer noopener">Contacta amb nosaltres</a></div>
</div>



<hr class="wp-block-separator has-alpha-channel-opacity"/>



<div class="wp-block-group alignfull is-content-justification-center is-layout-constrained wp-container-core-group-is-layout-b073b61b wp-block-group-is-layout-constrained" style="margin-top:0;margin-bottom:0;padding-top:calc( 0.5 * var(--wp--style--root--padding-right, var(--wp--custom--gap--horizontal)));padding-right:var(--wp--style--root--padding-right, var(--wp--custom--gap--horizontal));padding-bottom:calc( 0.5 * var(--wp--style--root--padding-right, var(--wp--custom--gap--horizontal)));padding-left:var(--wp--style--root--padding-left, var(--wp--custom--gap--horizontal))">
<div style="height:calc( 0.25 * var(--wp--style--root--padding-right, var(--wp--custom--gap--horizontal)))" aria-hidden="true" class="wp-block-spacer"></div>



<div class="wp-block-group alignwide is-layout-constrained wp-block-group-is-layout-constrained">
<h3 class="wp-block-heading alignfull has-text-align-left" style="font-style:normal;font-weight:100"><strong>Menú assegut 25 €/persona per a un màxim de 35 persones a la sala</strong></h3>
</div>



<div class="wp-block-columns alignwide is-layout-flex wp-container-core-columns-is-layout-1a7dd963 wp-block-columns-is-layout-flex">
<div class="wp-block-column is-layout-flow wp-block-column-is-layout-flow">
<h3 class="wp-block-heading is-service-name has-medium-font-size" style="font-style:normal;font-weight:700">Entrades</h3>



<p class="is-service-description">Mini Quiche Lorraine (bacon) o Mini Quiche d&#039;Espinacs i Formatge de Cabra</p>



<p class="is-service-description">Mini amanida de llenties o quinoa o hummus</p>



<p class="is-service-description">Mini pasta de full de salsitxa i emmental o pasta de full d&#039;espinacs i formatge de cabra.</p>
</div>



<div class="wp-block-column is-layout-flow wp-block-column-is-layout-flow">
<h3 class="wp-block-heading is-service-name has-medium-font-size" style="font-style:normal;font-weight:700">Plats</h3>



<p class="has-text-align-left is-service-description">Lasanya de vedella i enciam<br><strong>O</strong><br>Crep completa (creps de fajol amb pernil, formatge, ou) amb enciam<br><strong>O</strong><br>Tajine de pollastre marroquí o vegà amb cuscús<br><strong>O</strong><br>Galta de porc confitada amb salsa de mel i farigola o ànec confitat (+2€) amb arròs o puré de patates</p>



<p class="is-service-description"></p>
</div>



<div class="wp-block-column is-layout-flow wp-block-column-is-layout-flow">
<h3 class="wp-block-heading is-service-name has-medium-font-size" style="font-style:normal;font-weight:700">postres</h3>



<p class="is-service-description">Tu tries si vols un pastís d&#039;aniversari (pastís gran o miniatures)</p>



<p class="is-service-description">Brownie de xocolata 70%</p>



<p class="is-service-description">Broquetes de fruites exòtiques</p>



<p class="is-service-description"></p>
</div>
</div>



<div style="height:calc( 0.25 * var(--wp--style--root--padding-right, var(--wp--custom--gap--horizontal)))" aria-hidden="true" class="wp-block-spacer"></div>
</div>



<div class="wp-block-buttons is-layout-flex wp-block-buttons-is-layout-flex">
<div class="wp-block-button"><a class="wp-block-button__link wp-element-button" href="https://web.whatsapp.com/send?phone=34693586456&amp;text=Bonjour%20Poc%20a%20Pots!" target="_blank" rel="noreferrer noopener">Contacta amb nosaltres</a></div>
</div>



<hr class="wp-block-separator has-alpha-channel-opacity"/>



<div class="wp-block-group alignfull is-content-justification-center is-layout-constrained wp-container-core-group-is-layout-b073b61b wp-block-group-is-layout-constrained" style="margin-top:0;margin-bottom:0;padding-top:calc( 0.5 * var(--wp--style--root--padding-right, var(--wp--custom--gap--horizontal)));padding-right:var(--wp--style--root--padding-right, var(--wp--custom--gap--horizontal));padding-bottom:calc( 0.5 * var(--wp--style--root--padding-right, var(--wp--custom--gap--horizontal)));padding-left:var(--wp--style--root--padding-left, var(--wp--custom--gap--horizontal))">
<div style="height:0px" aria-hidden="true" class="wp-block-spacer"></div>



<div class="wp-block-group alignwide is-layout-constrained wp-block-group-is-layout-constrained">
<h3 class="wp-block-heading alignfull has-text-align-left" style="font-style:normal;font-weight:100"><strong>Termes</strong></h3>
</div>



<div class="wp-block-columns alignwide is-layout-flex wp-container-core-columns-is-layout-1a7dd963 wp-block-columns-is-layout-flex">
<div class="wp-block-column is-layout-flow wp-block-column-is-layout-flow">
<p class="is-service-description">Acceptem reserves <strong>de 20 persones</strong> fins a 100 persones.</p>



<p class="is-service-description">Els menús i les postres poden ser més elaborats si es disposa d&#039;un pressupost més gran, amb més referències gastronòmiques.</p>



<p class="is-service-description"><strong>Preus de les begudes </strong>fora del menú<br>Refrescos: 2,50 €<br>Cervesa: 3,50 €<br>Vi ecològic: 4 €<br>Xuts: 4 €<br>Cubates: 8 €</p>



<p class="is-service-description">Està prohibit portar menjar o begudes.</p>



<p class="is-service-description"></p>
</div>



<div class="wp-block-column is-layout-flow wp-block-column-is-layout-flow">
<p class="is-service-description"><strong>Horaris:</strong><br>Decoració a partir de les 19:30 h.<br>Grups de 30 persones fins a la 1:00 de la matinada.<br>Grups de 20 persones fins a mitjanit.</p>



<p class="is-service-description"><strong>Possibilitat de karaoke</strong> sota petició (cost addicional: 150 €)!<br>Decoració sense confeti (prohibit)</p>



<p class="is-service-description">Pots portar el teu propi DJ o controlar la música amb Spotify. També podem proporcionar-te un DJ per 300 € addicionals.</p>



<p class="is-service-description"><strong>Emissió de vídeo</strong> possible<br>(Projector de vídeo, pantalla LED, etc.)</p>



<p class="has-text-align-left is-service-description"></p>



<p class="is-service-description"></p>
</div>



<div class="wp-block-column is-layout-flow wp-block-column-is-layout-flow">
<p class="is-service-description">L&#039;ús de la terrassa finalitza a les 23:00 h.</p>



<p class="is-service-description">La música pot continuar a l&#039;interior fins a la 1:00 de la matinada (divendres i dissabte) i fins a mitjanit els altres dies (podeu sortir a fumar al costat de l&#039;aparcament).</p>



<p class="is-service-description">Hi ha 3 aparcaments al costat del local (trieu els que hi ha davant i que NO tanquen a la nit i feu-ho saber als vostres convidats).</p>



<p class="is-service-description">Els menús s&#039;han de pagar abans o en arribar! </p>



<p class="is-service-description"></p>
</div>
</div>



<div style="height:calc( 0.25 * var(--wp--style--root--padding-right, var(--wp--custom--gap--horizontal)))" aria-hidden="true" class="wp-block-spacer"></div>
</div>



<div class="wp-block-buttons is-layout-flex wp-block-buttons-is-layout-flex">
<div class="wp-block-button"><a class="wp-block-button__link wp-element-button" href="https://web.whatsapp.com/send?phone=34693586456&amp;text=Bonjour%20Poc%20a%20Pots!" target="_blank" rel="noreferrer noopener">Contacta amb nosaltres</a></div>
</div>



<p></p>

<p>Vous souhaitez organiser un événement, rien de plus simple ! 1 boisson inclue (jus, vins, cava, bière, vermouth) Menu buffet 25€/personne Menu assis 25€/pers jusqu&rsquo;à 35 personnes maximum en salle Entrées Mini Quiche Lorraine (bacon) ou Mini Quiche Épinards et Chèvre Mini salade de lentilles ou de quinoa ou houmous Mini feuilleté saucisse et emmental [&#8230;]

Nos services — Catering événementiel, entreprises & yachts à Barcelone

De vos séminaires à vos événements privés : buffets, cocktails, chef à domicile, catering yacht. Poc a Pots organise votre événement à Barcelone, clé en main.

catering événementiel barcelone
